 q be (1 + 2 - j)*1. Calculate c(q).
6
Let l(k) = -1037*k**3 - k**2 - k. Let m be l(-1). Let u(x) = 11*x - m + 1037. Let v be (2/(-4))/(2/4). Determine u(v).
-11
Let w(d) be the third derivative of -d**4/24 - 5*d**3 + 9*d**2 - d. Give w(-14).
-16
Suppose 4 = 9*z - 14. Let k(i) = -2*i**3 + i**2 + 3*i - 2. Give k(z).
-8
Let d(n) be the first derivative of n**3/3 + n**2/2 - 2*n + 1. Let p be 49/(-9) + 184/414. Give d(p).
18
Let g(h) be the first derivative of -h**2 + 4*h - 14. Let u(a) = a**3 + 7*a**2 + 5. Suppose 7 = -y - 0*y. Let n be u(y). Give g(n).
-6
Let w(s) = s**3 + s**2 - s + 5. Let j be w(0). Let c(l) = 4*l + 0*l - j*l. What is c(2)?
-2
Suppose 21*h = 39*h - 54. Let f(c) = -2*c**3 + 6*c**2 + c + 6. Give f(h).
9
Suppose -10 = -2*h - 2. Let c(k) = -h*k - 1 - k + 4*k + 0*k. Suppose -3*b - 2*d + 0*d = 18, 2*b = 3*d + 1. Calculate c(b).
3
Let f(w) = 4*w + 16. Let n(j) = 10*j - 3. Let k be n(2). Let u = 3 - k. Let g(h) = h + 3. Let z(i) = u*g(i) + 3*f(i). Give z(4).
-2
Let x(c) = 10*c**3 + 3*c**2 - 5*c - 7. Let r(w) = -29*w**3 - 8*w**2 + 14*w + 19. Let n(k) = 3*r(k) + 8*x(k). What is n(-1)?
6
Let r be 77/22 + ((-5)/(-2) - 1). Let a(x) = x**3 - 5*x**2 - 5*x + 5. Let j be 1/(-4) - 3/4. Let f(i) = -i + 1. Let o(u) = j*a(u) + 5*f(u). What is o(r)?
0
Let z(g) = 4*g - 60*g**2 - 55*g**2 - 57*g**2 + 174*g**2 + 8. Determine z(0).
8
Let a(h) = 4*h + 10. Let b(r) = 2*r + 23. Let w be b(-10). Suppose 0 = q - w*k - 0*k, 5*k - 5 = 0. Let y(p) = -p - 1. Let f(g) = q*y(g) + a(g). Calculate f(6).
13
Let s be 12/9*3/(-6)*-3. Let m(u) be the first derivative of 6 - 1/3*u**3 - 3/2*u**s + 7*u. Calculate m(-5).
-3
Let i(c) = -c**3 - 19*c**2 - 12*c - 216. Let u be i(-19). Let l(k) = k**3 - 13*k**2 + 8*k + 17. What is l(u)?
-31
Let v(z) = -41 + 9*z - 13*z - 3*z**2 - 4*z - 13*z + 2*z**2. What is v(-19)?
-3
Let n(p) = p + 1. Let l be n(7). Let j(g) = -10*g + 4 - g**3 - 8 - 5 - l*g**2. Give j(-7).
12
Suppose 5*w + 16 = 51. Suppose -3*d + 9 = 2*v, w + 10 = 3*v + d. Let o(h) = -4 + h + 1 + 0*h. Give o(v).
3
Suppose 3*b + 3*m + 15 = 0, 2*b - 3*b = -5*m + 23. Let u(n) = -2*n**2 + 4*n - 11. Let o(j) = 3*j**2 - 9*j + 22. Let p(s) = 3*o(s) + 5*u(s). Determine p(b).
3
Suppose 5*d + 3*d = 88. Let m = 18 - d. Let p(u) = -u**3 + 7*u**2 - u - 3. Give p(m).
-10
Let j(d) be the first derivative of d**4/4 + 7*d**3/3 + 5*d**2/2 + 8*d + 13. Give j(-6).
14
Let c(j) = j**3 - 16*j**2 - 15*j - 21. Let n(o) = -o**3 + 6*o**2 - 8. Let z be n(5). Give c(z).
13
Let u(p) = 2*p**2 + 3*p - 1. Suppose 4*q = -q + 275. Suppose -2*j - q = -5*b - j, -b - 5*j + 37 = 0. Suppose b*c - 15*c = 9. Calculate u(c).
8
Suppose -39*j + 9*j - 180 = 0. Let k(s) = s**3 + 6*s**2 + 3*s - 3. What is k(j)?
-21
Let z(l) = 7*l**3 - 15*l**2 + 4*l + 11. Let n(k) = 5*k**3 - 13*k**2 + 4*k + 10. Let c(s) = 4*n(s) - 3*z(s). Let u = 1 - 8. What is c(u)?
-21
Let o(c) = -6*c**2 + 3*c**3 - 2*c**3 - 8*c - 5 - 2*c**2. Let f be o(9). Let g(b) = 4 + 6*b**3 - f. Give g(-1).
-6
Let d be (-1)/(-2)*2 + 4. Let o be (-25)/10*(-12)/15. Let c(y) = 4*y**2 + y**3 - 6*y - 2*y**3 + o*y**2. Give c(d).
-5
Let o(g) = g**3 + g**2 - 8 + 9 - 2*g + g. Let i(z) = -4*z**3 - 5*z**2 + 6*z + 2. Let r(p) = i(p) + 2*o(p). Calculate r(-3).
19
Let a(s) be the third derivative of -s**5/60 + s**4/3 - s**3/3 - 6*s**2. Suppose -2*j + 5*q - 13 = -2, j + 13 = 4*q. Give a(j).
5
Let f(x) = -x**3 - 21*x**2 - 14*x - 1. Let o(s) = -s**3 - 19*s**2 - 13*s - 1. Let z(l) = 6*f(l) - 7*o(l). Calculate z(-6).
-5
Let i = -11 + 18. Let b(z) = -22*z**3 - 4*z**2 + 21*z**3 - 2*z + 6*z + i. Give b(-5).
12
Suppose -o + 7*l = 3*l - 17, -4*o = l. Let b(d) = o - 1 - 3 + 5*d - 4*d. Calculate b(-7).
-10
Suppose 3*m + 2*m = 55. Suppose b = c - 4*c - m, 0 = 4*b - 2*c + 16. Let l(z) = z**2 + 3*z - 1. Give l(b).
9
Let a(x) = x**2 - 8*x - 10. Let d(z) = -z**3 - 23*z**2 + 53*z + 82. Let w be d(-25). Determine a(w).
-17
Let n(r) = 26*r**3 - 2*r**2 + r. Let b(w) = -26*w**3 + 2*w**2 - w. Let d(f) = -7*b(f) - 6*n(f). Determine d(1).
25
Suppose 72 = -4*q - 0*q + 2*u, q + 18 = 3*u. Let v be 22/(-33)*2/((-8)/q). Let l(z) = -z**3 - 3*z**2 - 4*z - 4. Determine l(v).
8
Let i(h) = 117 - 4*h - 106 + h. Calculate i(6).
-7
Let t(h) be the third derivative of h**6/120 - h**5/12 + h**4/6 - 77*h**2. Give t(3).
-6
Let k be 5/(-1)*238/(-85). Suppose 4*n - k = -6. Let s(q) = -q - 1. Let i(v) = -2*v**2 + 4*v + 1. Let r(p) = i(p) + 2*s(p). Give r(n).
-5
Let q(a) = 13*a + 32. Let m be q(-3). Let p(r) = 9*r + 10. Let f(l) = -4*l - 5. Let z(w) = m*f(w) - 3*p(w). Give z(0).
5
Let s = 45 + -40. Suppose s*b - 10 = -25. Let k(u) = -u**3 - u**2 - 2. What is k(b)?
16
Let l(m) = m**2 + 5*m + 4. Suppose 3*h = -b - 4 + 3, b + 4*h = 0. Calculate l(b).
0
Let k(y) = -y - 15. Let o be 3 + (3 - 14) + -3. Let t be k(o). Let g(p) = p**3 + 4*p**2 - 4. Give g(t).
-4
Let w(y) = -11*y + 75. Let x(r) = 8*r - 53. Let q(i) = 5*w(i) + 7*x(i). Calculate q(12).
16
Let p(h) = 5*h**2 + 10*h - 10. Let j(m) = -m**2 - 5*m. Let k(v) = -4*j(v) - p(v). What is k(12)?
-14
Let m(g) = 4*g - 10. Let z be m(3). Let k(s) = 1 - 4*s**z + 0 + 33*s**3 - 34*s**3. Suppose -d - 1 = 2*j, 5*j = -0*d - 5*d - 10. Determine k(d).
-8
Let a(m) = 5*m - 5*m - 4*m + 5*m + 2. Give a(-12).
-10
Let a(f) = -2*f + 2. Let j(s) = 40*s - 597. Let o be j(15). Suppose v + 3*v = 32. Suppose 0 = v*u - o*u - 10. Calculate a(u).
-2
Let l = -160 - -232. Suppose 37 = 5*y + l. Let o(i) = -i**3 - 7*i**2 - 5. What is o(y)?
-5
Suppose -4*q + 17 - 77 = -4*i, -q + 5*i = 11. Let j = q - -19. Let s(n) be the third derivative of n**4/8 + n**3/2 - 6*n**2. Give s(j).
12
Let s(l) = l - 5. Let v be 5/(5/2) + 0. Let i(f) be the third derivative of f**3/6 - 21*f**2. Let t(k) = v*i(k) + s(k). Calculate t(4).
1
Let m(s) = 5*s**3 - 2*s + 1. Let l(x) = -x**2 - 23*x - 22. Let w be l(-22). Suppose w = -0*o + 2*o - b - 5, 4*o + b - 1 = 0. Calculate m(o).
4
Let k(j) be the first derivative of j**4/4 + j**3/3 + j**2 - 6*j - 8. Let u be k(0). Let t(a) = -a - 2. What is t(u)?
4
Let f(k) = -k**3 - 6*k**2 + 5*k - 9. Let g be f(-7). Suppose -2*n + 24 = -g*n. Let o(u) = -7*u + 9. Let x(z) = z**2. Let s(d) = -o(d) + x(d). What is s(n)?
-1
Let z(g) = -g**2 + 1 - 6*g + 3 + 5 - 8. Calculate z(-6).
1
Let d(v) = v**3 - 6*v**2 - 2*v + 8. Let c be d(6). Let i(a) = -3*a**2 - 5*a + 1. Give i(c).
-27
Suppose 4*g + 1 = 3*g. Let x(n) = 12*n + 8. Let u(k) = 11*k + 7. Let b(c) = -7*u(c) + 6*x(c). Give b(g).
4
Let p = 0 - 8. Let u = -10 - p. Let o(c) = c**3 + 4 - 5 + 3*c**2 + c + 2. What is o(u)?
3
Let b(f) = f + 4. Let u be b(-7). Let t(m) be the third derivative of m**4/12 + m**3/6 + 146*m**2 - 2. Give t(u).
-5
Let l(d) = d**3 - 2*d**2 + d. Let s = -270 + 268. Give l(s).
-18
Let w(u) = -7*u + 2*u**2 - 3*u**2 + 1 + u + 9. Suppose -16 = n + 4*q, 5*n + 2*q + 32 = -12. Give w(n).
-6
Let j(x) = 8*x - 12. Let y(t) = -18*t + 28. Let w(k) = -7*j(k) - 3*y(k). Determine w(-1).
2
Let o(c) be the third derivative of c**4/24 - 7*c**3/6 + 28*c**2. Calculate o(8).
1
Let v be 1/((-4)/204*3). Let z = v + 23. Let r(a) = 2*a - 5. Determine r(z).
7
Let g(y) = -3*y**3 + 18*y**2 - 2*y - 12. Let n(o) = -2*o**3 + 16*o**2 - 2*o - 12. Let d(t) = -3*g(t) + 4*n(t). Calculate d(-10).
8
Let n = -36 - -37. Let h(k) be the third derivative of -k**5/15 + k**3/6 - 58*k**2. What is h(n)?
-3
Let g(u) = 4*u - 10. Let v(r) = -9*r + 21. Let h(b) = -7*g(b) - 3*v(b). Let o(w) = -3*w - 4*w + 28 + 0*w + 3*w. Let j(z) = -9*h(z) + 2*o(z). Determine j(5).
-2
Let i(p) = p**3 + p. Let r(l) = -l**2 + 4*l - 4. Let d be r(7). Let f = d - -25. Calculate i(f).
0
Suppose 44 = -5*o - 11. Let w(j) = -j**2 - 12*j - 6. Let z be w(o). Suppose -c = -0*c - z. Let s(q) = -q**3 + 6*q**2 - 6*q - 5. What is s(c)?
-10
Suppose -41*x = -43*x - 6. Let n(h) = 13 + 4*h + 11 - 27. Give n(x).
-15
Suppose 5*b - 42 - 8 = -2*q, 0 = b - 3*q + 7. Let t(f) = -f**2 + 10*f - 4. Calculate t(b).
12
Let v(l) = -l**2 + 4*l + 3. Let r(g) = 4*g - 40. Let o be r(17). Let z(y) = -y**2 + 29*y - 22. Let f be z(o). What is v(f)?
-9
Let j(a) be the second derivative of 20*a + 0 - a**2 + 1/3*a**3. Suppose -5*c + l = 5*l - 14, 5*c - 13 = -3*l. Calculate j(c).
2
Let h(w) = 16*w**3 + 20*w**2 - 5*w + 26. Let j(u) = -3*u**3 - 4*u**2 + u - 5. Let a = -16 + 27. Let l(y) = a*j(y) + 2*h(y). What is l(-4)?
-7
Let b = -562 + 558. Let q